2?
-125122
In base 12, what is -7074 + -469?
-7521
In base 4, what is 11 - -11123030100?
11123030111
In base 2, what is 110110001001111 - -1101001?
110110010111000
In base 6, what is 1255045 - -3303?
1302352
In base 11, what is 0 + 1293825?
1293825
In base 11, what is 786423 - -6?
786429
In base 10, what is -62570 + -4328?
-66898
In base 12, what is 2950 - a9b?
1a71
In base 3, what is -22112 - -101220110?
101120221
In base 2, what is 10001000011100000 + 11000101100011?
10100001001000011
In base 14, what is -1ac3ab - 26a?
-1ac637
In base 13, what is -1 + 64bb059?
64bb058
In base 5, what is 102202033 - -2211?
102204244
In base 9, what is -11 - -17880731?
17880720
In base 8, what is 12 + -1633377?
-1633365
In base 16, what is 229 + 14b8a?
14db3
In base 10, what is 18241 - -2898?
21139
In base 13, what is -3ba4b76 + -5?
-3ba4b7b
In base 9, what is 2060228467 - -1?
2060228468
In base 2, what is 1010110110000 - 10011111?
1010100010001
In base 12, what is -6 - -1b467524?
1b46751a
In base 4, what is 100320 + 303302223?
310003203
In base 11, what is 1 + 5a98777?
5a98778
In base 12, what is -2 - 19174071?
-19174073
In base 14, what is -47b9b - 1b6?
-47d73
In base 10, what is 146 + 1300064?
1300210
In base 2, what is -10100010 - -101100000010100011?
101100000000000001
In base 3, what is -20100 + 112002210?
111212110
In base 12, what is -540 + 80a63?
80523
In base 4, what is 12 - -2002301200?
2002301212
In base 13, what is -5 - -3685bb?
3685b6
In base 5, what is 2420034 - -1034422?
4010011
In base 15, what is -2b + -a5ae?
-a5da
In base 14, what is 13822d6 - 3?
13822d3
In base 7, what is 15104 + 1434505?
1452612
In base 14, what is 5 + 16114525?
1611452a
In base 16, what is 101de - 37?
101a7
In base 16, what is 1adf + -48b?
1654
In base 9, what is -3375 + 5441?
2055
In base 6, what is -43354554 - 2?
-43355000
In base 16, what is 76f299 - -7?
76f2a0
In base 2, what is 10100111110111111000 - -11011000011?
10101000010010111011
In base 7, what is 16 - 350613?
-350564
In base 16, what is -12 + -1b215?
-1b227
In base 4, what is 1032 + -113201022?
-113133330
In base 16, what is e270d + -19?
e26f4
In base 2, what is -11111110 + -10001111100110111101?
-10001111101010111011
In base 3, what is -222220 - -1120100221?
1112101001
In base 4, what is 322102321331 - -12?
322102322003
In base 10, what is 1266 - -2986?
4252
In base 3, what is 1002 - 122210121021?
-122210120012
In base 11, what is -446 + 520a34?
520599
In base 3, what is 120000122022011 - -11?
120000122022022
In base 4, what is -1200022 - 1032?
-1201120
In base 15, what is 2a0ba74 - d?
2a0ba66
In base 13, what is -36a3078 + 0?
-36a3078
In base 12, what is 9 - b42ab9?
-b42ab0
In base 7, what is -2 + 410362016?
410362014
In base 2, what is 10100100100000001010001 - 0?
10100100100000001010001
In base 3, what is -1012 + -22202020212011?
-22202020220100
In base 7, what is 365 + -265635?
-265240
In base 3, what is -2101200 - 22102?
-2201002
In base 13, what is -3a - 203b111?
-203b14b
In base 8, what is -16423 - 16206?
-34631
In base 11, what is -60aa9a9 + 1?
-60aa9a8
In base 9, what is 64 - 124728?
-124654
In base 13, what is -708a9 - 0?
-708a9
In base 7, what is -24 - 12454130?
-12454154
In base 10, what is 2519557045 + -3?
2519557042
In base 10, what is -107711051 - 3?
-107711054
In base 15, what is -1742 + 3237c?
30b3a
In base 2, what is 100 + -111001100010011001011?
-111001100010011000111
In base 8, what is -1762341 + 2437?
-1757702
In base 4, what is 3222303 + 3123?
3232032
In base 5, what is -1133033 + -21000?
-1204033
In base 7, what is -16306 + -136050?
-155356
In base 5, what is 4 - 13401111031?
-13401111022
In base 7, what is 5251 - 31025?
-22444
In base 8, what is -4 - 7515344?
-7515350
In base 14, what is -4a10aac - -13?
-4a10a99
In base 16, what is 45cbeed - -5?
45cbef2
In base 14, what is 596d - 34d?
5620
In base 2, what is -110001011000011 - 1011101101?
-110010110110000
In base 5, what is -1310240 + 20031?
-1240204
In base 8, what is -66 + 36721302?
36721214
In base 2, what is -1000010111 - -111000000101100?
110111000010101
In base 4, what is -11000033103 + -11?
-11000033120
In base 10, what is -1225513 - 37?
-1225550
In base 15, what is 9392 + -1baa?
76d7
In base 9, what is 17 + 8833118?
8833136
In base 11, what is 1508 + 3856?
5263
In base 4, what is -12212113 + 21113?
-12131000
In base 5, what is 2431000423 + 1424?
2431002402
In base 14, what is 25 + -686000?
-685db9
In base 10, what is 598921 + -1?
598920
In base 12, what is -6122 + -1716?
-7838
In base 16, what is 29813963 - -1?
29813964
In base 10, what is -7 + 2205524?
2205517
In base 15, what is 6a6 - -a5c6?
ac7c
In base 12, what is 88923452 - -1?
88923453
In base 4, what is 2312101311 + 113?
2312102030
In base 7, what is 1 + 22430036?
22430040
In base 12, what is 54b + 421096?
421625
In base 10, what is -13651 + 3749?
-9902
In base 8, what is 57 - 3145124?
-3145045
In base 6, what is 222 + -1524002?
-1523340
In base 7, what is 4 + -443415?
-443411
In base 9, what is 327847 + 1672?
330630
In base 16, what is 4b + -4c2da?
-4c28f
In base 4, what is 3 + -122230111020?
-122230111011
In base 13, what is -233c + 255c?
220
In base 12, what is 2a + 16438?
16466
In base 3, what is -122221111122101 + 10?
-122221111122021
In base 10, what is -26 - 635217?
-635243
In base 15, what is -4d + 6812?
67b4
In base 10, what is -205 - -25510?
25305
In base 7, what is 111505 - 3504?
105001
In base 2, what is 1001100 + -110010001111101110?
-110010001110100010
In base 13, what is -42a90 - -388?
-42705
In base 12, what is -bb - 751b1?
-752b0
In base 14, what is -474 + -657b?
-6a11
In base 8, what is 370630117 + -7?
370630110
In base 13, what is -29 + 162a81?
162a55
In base 3, what is 11101 + 2000020102?
2000101210
In base 14, what is aac91 - -167?
ab018
In base 2, what is -101000110010111100 + 10010001?
-101000110000101011
In base 7, what is -110 - 46403141?
-46403251
In base 16, what is d22 - -10b?
e2d
In base 2, what is 111001111 - -1011010100000110?
1011011011010101
In base 2, what is 1011010011 + -1100001000110011?
-1011111101100000
In base 3, what is 1 - -20011202000112?
20011202000120
In base 8, what is 5651 - 1007?
4642
In base 9, what is -2808806 - -8?
-2808787
In base 5, what is -323324220 - -24?
-323324141
In base 5, what is -2234302 + 14242?
-2220010
In base 6, what is -321350440 + -52?
-321350532
In base 3, what is 10120010110020 + -102?
10120010102211
In base 4, what is 33 - 2020003132?
-2020003033
In base 12, what is -1 + -1b12b53?
-1b12b54
In base 8, what is 20226451 - 1?
20226450
In base 7, what is 110335311213 + -2?
110335311211
In base 4, what is -1132223302 - -201?
-1132223101
In base 13, what is -1b99 - -7b7a?
5cb1
In base 11, what is 22a681621 - -3?
22a681624
In base 13, what is 2a5 + -25635?
-25360
In base 3, what is -22021022 + -1201111?
-100222210
In base 11, what is -2a80952 - 1?
-2a80953
In base 3, what is 1101220001 - -200211221?
2002201222
In base 11, what is -288652 + 52?
-288600
In base 14, what is d48a0 + -2?
d489c
In base 8, what is -1 + -1241644726?
-1241644727
In base 7, what is 5 - 1041330?
-1041322
In base 7, what is -144041 - -4613?
-136125
In base 2, what is 1 + -101110100111111101111101111?
-101110100111111101111101110
In base 3, what is 1222012 + -21021222?
-12022210
In base 9, what is -6171 - -3735?
-2335
In base 9, what is -1247478680 - -5?
-1247478674
In base 9, what is 3 + -13251887?
-13251884
In base 15, what is 59776bac - -3?
59776bb0
In base 9, what is 3036276 - 53?
3036223
In base 8, what is -5371634 + -5?
-5371641
In base 15, what is 283e16 - 32?
283dd4
In base 15, what is 46 - 76c032?
-76bedb
In base 16, what is 128e0b + 1?
128e0c
In base 2, what is 0 - 110110000101010000100001111?
-110110000101010000100001111
In base 9, what is -8 + 60224510?
60224501
In base 12, what is 17b8193 - -b0?
17b8283
In base 11, what is -29563410 + -4?
-29563414
In base 8, what is 36040 + 733?
36773
In base 12, what is -5208 - -7b62?
2956
In base 6, what is 1240 + 1022502?
1024142
In base 15, what is -1e4e2a - -3?
-1e4e27
In base 3, what is 101100120221 - -2212?
101100200210
In base 13, what is 622009a2 - 1?
622009a1
In base 8, what is 23667305 + -3?
23667302
In base 3, what is 10 + -21222022210012?
-21222022210002
In base 12, what is